{"id":418,"date":"2022-10-01T15:31:09","date_gmt":"2022-10-01T12:31:09","guid":{"rendered":"http:\/\/pratiksundurma.net\/?post_type=product&#038;p=418"},"modified":"2026-04-16T14:09:34","modified_gmt":"2026-04-16T11:09:34","slug":"modern-serisi-sundurma","status":"publish","type":"product","link":"https:\/\/pratiksundurma.net\/index.php\/urun\/modern-serisi-sundurma","title":{"rendered":"Modern Serisi Sundurma"},"content":{"rendered":"<p><strong>Modern sundurma<\/strong>, \u00e7a\u011f\u0131m\u0131z\u0131n h\u0131z\u0131na ve estetik anlay\u0131\u015f\u0131na birebir uyum sa\u011flayan bir seriden olu\u015fuyor. Sundurman\u0131n i\u015flevi kadar g\u00f6r\u00fcnt\u00fcs\u00fcn\u00fcn de \u00f6nem ta\u015f\u0131d\u0131\u011f\u0131 g\u00fcn\u00fcm\u00fczde, modern ismiyle dikkat \u00e7eken sundurmalarda esteti\u011fe \u00f6zen g\u00f6steriyoruz. \u0130ncelikli bir estetik anlay\u0131\u015f\u0131 ta\u015f\u0131yan sundurmalar, dekoratif ve son derece pratik y\u00f6n\u00fcyle de be\u011feni topluyor. Sundurman\u0131n genel g\u00f6r\u00fcnt\u00fcs\u00fc beklenileni sunmay\u0131 ve g\u00f6rsel bir \u015f\u00f6len olu\u015fturmay\u0131 ba\u015far\u0131yor.<\/p>\n<p><strong>Modern sundurma <\/strong>serisinde kullan\u0131lan materyaller dayan\u0131kl\u0131 yap\u0131ya sahiptir. \u00e7ok uzun y\u0131llar g\u00fcne\u015f ve ya\u011fmur gibi hava muhalefetine kar\u015f\u0131 ilk g\u00fcnk\u00fc g\u00f6r\u00fcnt\u00fcs\u00fcn\u00fc koruyabiliyor. Ta\u015f\u0131y\u0131c\u0131 metallerdeki boya kalitesi, metallerin sa\u011flaml\u0131\u011f\u0131 ve uygulama \u00e7ok ba\u015far\u0131l\u0131 sonu\u00e7lar veriyor. Sundurmalar y\u00fczde y\u00fcz UV \u0131\u015f\u0131nlar\u0131na kar\u015f\u0131 koruma sa\u011fl\u0131yor, \u00f6zel malzemesi sayesinde a\u015f\u0131nma ya da paslanma yapm\u0131yor.<\/p>\n<p><strong>Modern sundurma <\/strong>sat\u0131n almak isteyenler i\u00e7in m\u00fc\u015fteriye \u00f6zel \u00f6l\u00e7\u00fclerde sundurma haz\u0131rlan\u0131yor. Kap\u0131, pencere, balkon gibi alanlarda kullanabilece\u011finiz modern sundurmalar\u0131, verece\u011finiz \u00f6l\u00e7\u00fclere g\u00f6re haz\u0131rl\u0131yor, k\u0131sa s\u00fcrede sipari\u015finizi teslim ediyoruz. Sundurma fiyatlar\u0131 ve \u00f6l\u00e7\u00fcleri hakk\u0131nda web sitemizden bilgi alabilece\u011finiz gibi daha y\u00fcksek adetlerdeki sipari\u015flerde ya da farkl\u0131 konularda g\u00f6r\u00fc\u015fmek i\u00e7in bizimle ileti\u015fime ge\u00e7ebilirsiniz.<\/p>\n<p>&nbsp;<\/p>\n","protected":false},"excerpt":{"rendered":"<p><strong>Men\u015fei:<\/strong>\u00a0T\u00fcrkiye<br \/>\n<strong>Marka:<\/strong>\u00a0Albayrak Yap\u0131 \u0130n\u015faat<br \/>\n<strong>Ta\u015f\u0131y\u0131c\u0131 Kolon:<\/strong>\u00a0Metal<br \/>\n<strong>\u00dcst Kaplama:<\/strong>\u00a0Polikarbonat Levha<br \/>\n<strong>\u00c7er\u00e7eve:<\/strong>\u00a0Al\u00fcminyum U Kasa<br \/>\n<strong>Ba\u011flant\u0131:<\/strong>\u00a0\u00d6zel Ba\u011flant\u0131 Aparat\u0131<br \/>\n<strong>Boya:<\/strong>\u00a0Metal Aksam Elektrostatik Boya<br \/>\n<strong>G\u00f6nderim:<\/strong>\u00a0Al\u0131c\u0131 \u00d6demeli (2 ile 3 G\u00fcn \u0130\u00e7inde Teslimat)<br \/>\n<strong>Garanti:<\/strong>\u00a03 Y\u0131l<br \/>\n<strong>Standartlar:<\/strong>\u00a0CE \/ NF \/ TSE<br \/>\n<strong>Temizlik:<\/strong>\u00a0Hafif Nemli Bezle Silinebilir.<\/p>\n","protected":false},"featured_media":8646,"comment_status":"open","ping_status":"closed","template":"","meta":[],"product_brand":[],"product_cat":[23],"product_tag":[],"class_list":{"0":"post-418","1":"product","2":"type-product","3":"status-publish","4":"has-post-thumbnail","6":"product_cat-pratik-sundurma","8":"first","9":"instock","10":"shipping-taxable","11":"purchasable","12":"product-type-simple"},"aioseo_notices":[],"_links":{"self":[{"href":"https:\/\/pratiksundurma.net\/index.php\/wp-json\/wp\/v2\/product\/418","targetHints":{"allow":["GET"]}}],"collection":[{"href":"https:\/\/pratiksundurma.net\/index.php\/wp-json\/wp\/v2\/product"}],"about":[{"href":"https:\/\/pratiksundurma.net\/index.php\/wp-json\/wp\/v2\/types\/product"}],"replies":[{"embeddable":true,"href":"https:\/\/pratiksundurma.net\/index.php\/wp-json\/wp\/v2\/comments?post=418"}],"wp:featuredmedia":[{"embeddable":true,"href":"https:\/\/pratiksundurma.net\/index.php\/wp-json\/wp\/v2\/media\/8646"}],"wp:attachment":[{"href":"https:\/\/pratiksundurma.net\/index.php\/wp-json\/wp\/v2\/media?parent=418"}],"wp:term":[{"taxonomy":"product_brand","embeddable":true,"href":"https:\/\/pratiksundurma.net\/index.php\/wp-json\/wp\/v2\/product_brand?post=418"},{"taxonomy":"product_cat","embeddable":true,"href":"https:\/\/pratiksundurma.net\/index.php\/wp-json\/wp\/v2\/product_cat?post=418"},{"taxonomy":"product_tag","embeddable":true,"href":"https:\/\/pratiksundurma.net\/index.php\/wp-json\/wp\/v2\/product_tag?post=418"}],"curies":[{"name":"wp","href":"https:\/\/api.w.org\/{rel}","templated":true}]}}