{"id":4970,"date":"2024-02-20T11:39:56","date_gmt":"2024-02-20T08:39:56","guid":{"rendered":"https:\/\/pratiksundurma.net\/?post_type=product&#038;p=4970"},"modified":"2026-04-16T14:34:05","modified_gmt":"2026-04-16T11:34:05","slug":"metal-tasiyicili-kapi-ustu-sundurma-modern-serisi-100-cm-x-100-cm","status":"publish","type":"product","link":"https:\/\/pratiksundurma.net\/index.php\/urun\/metal-tasiyicili-kapi-ustu-sundurma-modern-serisi-100-cm-x-100-cm","title":{"rendered":"Metal Ta\u015f\u0131y\u0131c\u0131l\u0131 Kap\u0131 \u00dcst\u00fc Sundurma &#8211; Modern Serisi (100 cm x 100 cm)"},"content":{"rendered":"<p style=\"text-align: center;\"><span style=\"color: #000080;\"><span style=\"font-size: 26px;\"><strong><u>\u00b7 Metal Ta\u015f\u0131y\u0131c\u0131l\u0131 Kap\u0131 \u00dcst\u00fc Sundurma &#8211; Modern Serisi<br \/>\n<\/u><\/strong><\/span><span style=\"font-size: 26px;\"><strong><u>\u00b7 Metal Ta\u015f\u0131y\u0131c\u0131 Kolonlar (CNC Kesim 2 mm Kal\u0131nl\u0131\u011f\u0131nda)<br \/>\n<\/u><\/strong><\/span><span style=\"font-size: 26px;\"><strong><u>\u00b7 Ara Ta\u015f\u0131y\u0131c\u0131 Metal Akslar (40 mm x 20 mm x 1.5 mm)<br \/>\n<\/u><\/strong><\/span><\/span><span style=\"color: #000080;\"><span style=\"font-size: 26px;\"><u><b style=\"color: #000080; font-size: 26px;\"><strong>\u00b7 <\/strong>\u00dcst Kaplama Polikarbonat Levha (<\/b><span style=\"color: #000080;\"><span style=\"font-size: 26px;\"><b>Avrupa&#8217;dan<\/b><\/span><\/span><b style=\"color: #000080; font-size: 26px;\">\u00a0\u0130thal)<br \/>\n<strong>\u00b7 Teslimat S\u00fcresi: 3 \u0130\u015f G\u00fcn\u00fcd\u00fcr.<\/strong><\/b><\/u><\/span><\/span><\/p>\n<p>&nbsp;<\/p>\n<p><strong>Metal ya\u015f\u0131y\u0131c\u0131l\u0131 kap\u0131 \u00fcst\u00fc sundurma;\u00a0 \u015f\u0131kl\u0131\u011f\u0131 ve dayan\u0131kl\u0131l\u0131\u011f\u0131 bir arada sunan benzersiz bir \u00fcr\u00fcnd\u00fcr. Kap\u0131 giri\u015flerinizi korurken ayn\u0131 zamanda modern bir dokunu\u015f sa\u011flayarak mek\u00e2n\u0131n\u0131za de\u011fer kat\u0131yor. 100 cm x 100 cm boyutlar\u0131yla standart kap\u0131 giri\u015flerine m\u00fckemmel uyum sa\u011flar. \u00dcr\u00fcn, y\u00fcksek kaliteli al\u00fcminyum malzeme kullan\u0131larak \u00fcretilmi\u015ftir, b\u00f6ylece uzun y\u0131llar boyunca dayan\u0131kl\u0131l\u0131\u011f\u0131n\u0131 korur ve hava ko\u015fullar\u0131na kar\u015f\u0131 diren\u00e7li hale gelir. Metal ta\u015f\u0131y\u0131c\u0131lar sayesinde g\u00fc\u00e7l\u00fc bir yap\u0131ya sahiptir ve ayn\u0131 zamanda hafif oldu\u011fundan kurulumu kolayd\u0131r.<\/strong><\/p>\n<p>&nbsp;<\/p>\n<p><img fetchpriority=\"high\" decoding=\"async\" class=\"size-full wp-image-5000 aligncenter\" src=\"https:\/\/pratiksundurma.net\/wp-content\/uploads\/2024\/02\/banner-3.png\" alt=\"\" width=\"916\" height=\"458\" srcset=\"https:\/\/pratiksundurma.net\/wp-content\/uploads\/2024\/02\/banner-3.png 916w, https:\/\/pratiksundurma.net\/wp-content\/uploads\/2024\/02\/banner-3-300x150.png 300w, https:\/\/pratiksundurma.net\/wp-content\/uploads\/2024\/02\/banner-3-768x384.png 768w\" sizes=\"(max-width: 916px) 100vw, 916px\" \/><\/p>\n","protected":false},"excerpt":{"rendered":"<p><strong>Geni\u015flik: <\/strong>100 cm | <strong>Derinlik: <\/strong>100 cm<\/p>\n<p><strong>Men\u015fei:<\/strong>\u00a0T\u00fcrkiye<br \/>\n<strong>Marka:<\/strong>\u00a0Albayrak Yap\u0131 \u0130n\u015faat<br \/>\n<strong>Ta\u015f\u0131y\u0131c\u0131 Kolon:<\/strong>\u00a0Metal<br \/>\n<strong>\u00dcst Kaplama:<\/strong>\u00a0Polikarbonat Levha<br \/>\n<strong>\u00c7er\u00e7eve:<\/strong>\u00a0Al\u00fcminyum U Kasa<br \/>\n<strong>Ba\u011flant\u0131:<\/strong>\u00a0\u00d6zel Ba\u011flant\u0131 Aparat\u0131<br \/>\n<strong>Boya:<\/strong>\u00a0Metal Aksam Elektrostatik Boya<br \/>\n<strong>G\u00f6nderim:<\/strong> Al\u0131c\u0131 \u00d6demeli<\/p>\n<p>Fabrika Teslim \u00dcr\u00fcn ve Montajl\u0131 Olmak \u00dczere \u0130ki Farkl\u0131 Sat\u0131\u015f Se\u00e7ene\u011fi Mevcuttur. Yukar\u0131da Belirtilen Tutar Fabrika Teslim Fiyatlard\u0131r. \u00dcr\u00fcnler \u0130stanbul \u0130\u00e7i Anla\u015fmal\u0131 Kargo Firmalar\u0131 \u0130le \u0130stanbul D\u0131\u015f\u0131 Ambar \u0130le Kar\u015f\u0131 (ALICI) \u00d6demeli Olarak G\u00f6nderilir.<\/p>\n","protected":false},"featured_media":8646,"comment_status":"open","ping_status":"closed","template":"","meta":[],"product_brand":[],"product_cat":[290],"product_tag":[299,301,300,298],"class_list":{"0":"post-4970","1":"product","2":"type-product","3":"status-publish","4":"has-post-thumbnail","6":"product_cat-modern-serisi","7":"product_tag-kapi-ustu-sundurma","8":"product_tag-metal-tasiyicili-sundurma","9":"product_tag-sacak","10":"product_tag-sundurma","12":"first","13":"instock","14":"shipping-taxable","15":"purchasable","16":"product-type-simple"},"aioseo_notices":[],"_links":{"self":[{"href":"https:\/\/pratiksundurma.net\/index.php\/wp-json\/wp\/v2\/product\/4970","targetHints":{"allow":["GET"]}}],"collection":[{"href":"https:\/\/pratiksundurma.net\/index.php\/wp-json\/wp\/v2\/product"}],"about":[{"href":"https:\/\/pratiksundurma.net\/index.php\/wp-json\/wp\/v2\/types\/product"}],"replies":[{"embeddable":true,"href":"https:\/\/pratiksundurma.net\/index.php\/wp-json\/wp\/v2\/comments?post=4970"}],"wp:featuredmedia":[{"embeddable":true,"href":"https:\/\/pratiksundurma.net\/index.php\/wp-json\/wp\/v2\/media\/8646"}],"wp:attachment":[{"href":"https:\/\/pratiksundurma.net\/index.php\/wp-json\/wp\/v2\/media?parent=4970"}],"wp:term":[{"taxonomy":"product_brand","embeddable":true,"href":"https:\/\/pratiksundurma.net\/index.php\/wp-json\/wp\/v2\/product_brand?post=4970"},{"taxonomy":"product_cat","embeddable":true,"href":"https:\/\/pratiksundurma.net\/index.php\/wp-json\/wp\/v2\/product_cat?post=4970"},{"taxonomy":"product_tag","embeddable":true,"href":"https:\/\/pratiksundurma.net\/index.php\/wp-json\/wp\/v2\/product_tag?post=4970"}],"curies":[{"name":"wp","href":"https:\/\/api.w.org\/{rel}","templated":true}]}}